- n = 0. What are the prime factors of u/5 + (-162)/(-10)?
2
Let a(m) = 2*m**2 + 8*m - 6. Let v be a(-6). Let x = 18 - v. Suppose -2*c - 5*j + 1 + 75 = x, 3*c = 5*j + 89. List the prime factors of c.
3, 11
Let o(z) = z**3 - 4*z**2 + 2*z - 6. Let n be o(4). Let h be (n/6)/((-1)/(-6)). What are the prime factors of (-1 + h + -18)/(-1)?
17
Let z = 1507 + -149. What are the prime factors of z?
2, 7, 97
Suppose 17*b - 13*b + 858 = 2*k, -2*k + 855 = -b. List the prime factors of k.
7, 61
Suppose -6 - 3 = -d. Let c(b) = -b**3 + 9*b**2 + 3*b + 7. Let u be c(d). List the prime factors of u - (2 - 5)*-1.
31
Suppose -33*h + 9953 = -30010. List the prime factors of h.
7, 173
Let j(v) = -v**2 - 112*v + 104. List the prime factors of j(-35).
3, 311
Let o = 3723 + -2608. List the prime factors of o.
5, 223
Suppose -181 - 149 = -2*i. Let g = i - 16. Suppose g = 5*x - 146. What are the prime factors of x?
59
Let y(q) = 8*q + 15. Let w be y(5). Suppose w*c + 66 = 57*c. List the prime factors of c.
3, 11
Let w(k) = -k**3 + 7*k**2 + 12*k - 6. Let q = 29 - 21. Let p be w(q). Suppose 3*d - 87 = -j, 32 = 2*d - j - p. List the prime factors of d.
29
Suppose 0 + 12 = d. Let u be 3*4/d - 1. Suppose -s = -2*x - u*x + 57, -129 = -5*x - 2*s. What are the prime factors of x?
3
Let l(y) = -8*y**3 - 6*y**2 + 5*y + 94. Let u(x) = -15*x**3 - 11*x**2 + 9*x + 188. Let f(i) = -11*l(i) + 6*u(i). What are the prime factors of f(0)?
2, 47
Let h be (-2*5 + 3)*(-12)/14. What are the prime factors of (-2)/h*-3*38?
2, 19
Let t be 2/4*0/(-1). Let b = t - -1. List the prime factors of (2 + (b - 4))*-2.
2
What are the prime factors of ((-15)/10 - (-3 - -3))*-1574?
3, 787
Suppose -6*q + 41 + 193 = 0. List the prime factors of 735/q - 4/(-26).
19
What are the prime factors of (-4)/(-24)*998 - (-14)/21?
167
What are the prime factors of (-2)/(-4) - 121*48/(-32)?
2, 7, 13
Let y(t) = t**2 - 15*t + 41. Let o be y(12). Suppose -o*b + 2*j + 364 = -7, 0 = 5*b - j - 373. What are the prime factors of b?
3, 5
Let b be 18/(-8)*7/(63/(-12)). Let z = 86 - b. List the prime factors of z.
83
Suppose -3*f + 2*j - 3 - 1 = 0, 3*j = 6. Suppose f = -0*h + h - 3. Suppose -n - h*u + 7 = -0*u, -4*n + 36 = 4*u. What are the prime factors of n?
2, 5
What are the prime factors of (1/6)/(2/3972)?
331
Let n(x) = -x**2 - 29*x - 46. Suppose 2*g = -2*f - 32, 23 + 2 = 5*g. What are the prime factors of n(f)?
2, 61
Suppose 8 = 3*w - 2*w. Let o = w + -1. Let d(k) = k**3 - 6*k**2 - 3*k - 7. List the prime factors of d(o).
3, 7
Let x = 24 - 22. Suppose x*w = -6, p - 3*p + 4*w = -22. Suppose 4*u = p*u - 3. List the prime factors of u.
3
Let k(j) = -j**3 + 4*j**2 - 7*j + 6. Let c be k(5). Let x = -6 - c. What are the prime factors of x?
2, 3
Suppose 4*x - 7052 = -3*q, -4*x + 2*q + 820 + 6212 = 0. Suppose 3*a + x = 13*a. List the prime factors of a.
2, 11
Let y(r) = -897 - 11*r**3 + 0*r + 895 + 4*r. What are the prime factors of y(-2)?
2, 3, 13
Let t(a) = -a**3 + 10*a**2 - 5*a + 9. What are the prime factors of t(9)?
3, 5
Let o = -1621 - -3695. List the prime factors of o.
2, 17, 61
Let k(t) = 10*t**3 - 81*t**2 - 19*t + 4. Let l(u) = -2*u**3 + 16*u**2 + 4*u - 1. Let q(d) = 2*k(d) + 11*l(d). What are the prime factors of q(7)?
3, 13
Let s(z) = -z**3 + 31*z**2 + 24*z - 86. What are the prime factors of s(13)?
2, 19, 43
Let m(r) = r**2 + 6*r - 10. Let b be m(-7). Let z be b/6 - 27/(-6). What are the prime factors of 27/2 - 2/z?
13
Let s = -31 - -31. Suppose -2*i + 3*h + 106 = s, h - 4 = -0. Suppose 5*x = 3*u + i - 246, 0 = -x + 4. List the prime factors of u.
3, 23
Suppose 27*g - 1790 = 22*g. Suppose -43 + g = 5*t. What are the prime factors of t?
3, 7
Let f be 1/((4/4)/1). Suppose 0 = -5*t + i - 19, 0*t - 5*t - 4*i = -f. What are the prime factors of (-21)/t - 0/3?
7
Suppose 0*t + 5*t - 10 = 0. Let p be 7*(t + (-40)/14). List the prime factors of (-2*3)/3 - p.
2
Suppose -2*l = -5*c - 1235, -4*c + 2530 = 4*l + 102. List the prime factors of l.
2, 5, 61
Let n(u) = 4*u. Let l be n(-6). Suppose m = 3*m - 4*i + 66, -i = -3*m - 94. Let f = l - m. What are the prime factors of f?
7
What are the prime factors of 3485/17*(-5)/((-10)/4)?
2, 5, 41
List the prime factors of -38*((-18)/(-6))/(-3).
2, 19
What are the prime factors of 2 + (-55036)/(-9) + (-2)/18?
3, 2039
Let v(w) = -w**2 - 9*w - 8. Let m be v(-6). Let y be (4/m)/(6/720). Let b = y + -24. List the prime factors of b.
2, 3
Let g(z) = -z**2 + 64*z - 187. What are the prime factors of g(44)?
3, 7, 11
Let l be ((-32)/(-12))/(5/1275*10). Suppose -119 = -3*f - 2*h, 2*f - 2*h = 6*f - 156. Let u = l - f. List the prime factors of u.
31
Let a be -2 + 42 + (-6)/(6/2). List the prime factors of a - -5*8/(-20).
2, 3
Suppose -2*g = -4*g - 100. Let j = -2 - g. What are the prime factors of j?
2, 3
Let j = 72 + -67. Suppose -j*g + 4*f + 12 = 0, -3*g - f + 0*f = -14. What are the prime factors of g?
2
Let h = 53 + -49. List the prime factors of (h/(-12) + 1)*51.
2, 17
Let f(v) = -37*v - 111. List the prime factors of f(-24).
3, 7, 37
Let i be 2 - 5 - (-2)/(-2). Let d be (-1)/(-3) + 201/(-9). Let m = i - d. List the prime factors of m.
2, 3
Let q(h) = h**2 + 2. What are the prime factors of q(-9)?
83
Let b be (25/15)/(2/6). Suppose b*x = c - 3, 3 = 2*c - c + 5*x. List the prime factors of -2 + 20 + 0/c.
2, 3
Suppose -4250 = 8*h - 10290. What are the prime factors of h?
5, 151
Let d be 3 - (-3)/(2 + 1 - 4). Suppose d = -2*h + 104 + 96. List the prime factors of h.
2, 5
Let o = 882 + 25. List the prime factors of o.
907
Suppose -p - 314 = -397. What are the prime factors of p?
83
Suppose 644 + 2320 = 6*o. What are the prime factors of o/8 + 3/12?
2, 31
Suppose 242*h = 247*h - 11585. List the prime factors of h.
7, 331
Let z(n) = -n**2 - 4*n - 2*n + 5*n + 13*n + 40. List the prime factors of z(14).
2, 3
Let q = 16 - 2. Suppose 5*p - o - 24 = 0, q = 3*p - 4*o + 3. Suppose p*i = 85 + 135. What are the prime factors of i?
2, 11
Let w = -27 - -19. Let o be 2/w + 455/28. Let h = 69 - o. What are the prime factors of h?
53
Let j = -660 + 1283. List the prime factors of j.
7, 89
Let p(f) = 110*f**3 + 9*f**2 - 3*f + 2. List the prime factors of p(2).
2, 3, 19
Let u = 52 - 54. What are the prime factors of (-9 - -195)*(-1)/u?
3, 31
Let c(q) be the second derivative of -q**5/4 - q**4/12 - 2*q**3/3 - q**2/2 + 53*q. List the prime factors of c(-4).
11, 29
Suppose 198 = 4*u - 170. Suppose -1339 = 30*p + 611. Let b = p + u. List the prime factors of b.
3
Suppose 4*j - 60 = -j. Let n be 2 - -2 - (j + -11). Suppose n*v + 2*l - 44 = 3*l, -5*v + 90 = -5*l. What are the prime factors of v?
13
Let n = 1960 + -1318. List the prime factors of n.
2, 3, 107
Suppose -756 = -14*c + 11*c - 5*s, -4*s - 783 = -3*c. List the prime factors of c.
257
Let m(r) = -r**2 + 14*r + 17. Let i be m(15). Suppose 5*q = 3*j - 18, 5*q = i*j - 10 - 7. List the prime factors of 15/q*104/(-20).
2, 13
Let z = 3435 + -1219. List the prime factors of z.
2, 277
Suppose 0 = 9*g - 16*g + 7350. List the prime factors of g.
2, 3, 5, 7
Let t be (1 + 4 + -2)/1. Suppose -z = t*z. Suppose z = -3*i - 8 + 17. What are the prime factors of i?
3
Let p(t) = -1 + 47*t - 63*t + 7. List the prime factors of p(-7).
2, 59
Let q(p) = 5*p - 33. Let s(y) = -10*y + 66. Let w(x) = 5*q(x) + 2*s(x). List the prime factors of w(14).
37
Suppose -7*w = 4*w - 220. List the prime factors of w/50 + 446/10.
3, 5
Let k = -9 + 32. Suppose -62 = -3*f + 2*a + 20, -2*f + k = 5*a. Suppose f = 3*c - 27. List the prime factors of c.
17
Suppose -4*n + 103 = 3. What are the prime factors of -6*(n/(-10) + 2)?
3
Suppose 14*s - 600 = 8*s. What are the prime factors of s?
2, 5
Suppose 54*g - 26860 = 34*g. List the prime factors of g.
17, 79
Let o(y) = 6*y**2 + 8*y - 2 - y**3 - 8 - 6. What are the prime factors of o(6)?
2
Let f(j) = 6*j**2 - 3 - 4 - j**3 + j**2 + j. Let s be f(6). Suppose -13 = o - s. What are the prime factors of o?
2, 11
Let b(a) = -21*a**3 - 8*a**2 - a - 6. What are the prime factors of b(-5)?
2, 3, 101
Let f(k) = 8*k - 13. Let j be f(-10). Let o = -63 - j. What are the prime factors of ((-16)/(-20))/(4/o)?
2, 3
Let v be (-729)/(-4) - 51/(-68). Let d = v + -118. List the prime factors of d.
5, 13
Let g(s) = 4*s**2 - 1. Let i be g(-2). Let z = i - 12. Suppose -3*u + 4*u =